28 and 13.
13
Calculate the highest common divisor of 151 and 6493.
151
What is the highest common factor of 29378 and 37?
37
Calculate the greatest common factor of 18 and 8730.
18
What is the greatest common factor of 14 and 6370?
14
What is the highest common divisor of 100 and 180?
20
Calculate the greatest common divisor of 1251 and 18.
9
What is the highest common divisor of 783 and 87?
87
What is the highest common factor of 5 and 535?
5
Calculate the greatest common factor of 63 and 81.
9
What is the greatest common factor of 2409 and 1095?
219
What is the highest common factor of 2501 and 183?
61
What is the greatest common divisor of 32 and 2048?
32
Calculate the greatest common divisor of 100 and 120.
20
What is the highest common factor of 30 and 42?
6
Calculate the highest common divisor of 120 and 890.
10
Calculate the highest common factor of 4718 and 14.
14
Calculate the highest common factor of 120 and 1605.
15
What is the highest common divisor of 392 and 224?
56
What is the greatest common divisor of 7908 and 12?
12
What is the greatest common factor of 6 and 618?
6
What is the greatest common factor of 949 and 584?
73
Calculate the greatest common divisor of 2013 and 33.
33
Calculate the highest common divisor of 200 and 825.
25
Calculate the highest common divisor of 707 and 7.
7
Calculate the highest common factor of 16540 and 20.
20
Calculate the greatest common factor of 2398 and 11.
11
Calculate the highest common factor of 1090 and 20.
10
What is the greatest common divisor of 23 and 92?
23
What is the highest common divisor of 266 and 84?
14
What is the highest common divisor of 82 and 9922?
82
What is the highest common divisor of 602 and 14?
14
What is the greatest common divisor of 1709 and 2?
1
What is the highest common divisor of 650 and 250?
50
Calculate the highest common divisor of 552 and 60.
12
What is the highest common factor of 19 and 65873?
19
What is the highest common factor of 32 and 52?
4
What is the highest common divisor of 415 and 190?
5
Calculate the greatest common divisor of 405 and 891.
81
What is the highest common divisor of 60 and 420?
60
Calculate the highest common divisor of 481 and 26.
13
What is the highest common divisor of 255 and 459?
51
Calculate the highest common factor of 78 and 80.
2
Calculate the highest common factor of 1203 and 9.
3
Calculate the highest common factor of 48 and 816.
48
What is the greatest common divisor of 31 and 21018?
31
Calculate the greatest common divisor of 540 and 24.
12
Calculate the highest common factor of 35 and 10.
5
What is the greatest common divisor of 16 and 3336?
8
Calculate the highest common factor of 507 and 117.
39
Calculate the greatest common divisor of 68 and 5100.
68
What is the greatest common divisor of 147 and 70?
7
Calculate the greatest common divisor of 5715 and 45.
45
Calculate the highest common divisor of 297 and 243.
27
Calculate the highest common divisor of 180 and 20.
20
Calculate the highest common divisor of 125 and 5.
5
Calculate the highest common factor of 896 and 1526.
14
Calculate the greatest common factor of 5 and 32340.
5
Calculate the highest common divisor of 16 and 3376.
16
Calculate the highest common divisor of 5886 and 81.
27
What is the highest common factor of 72 and 171?
9
Calculate the highest common divisor of 876 and 1606.
146
What is the highest common factor of 258 and 903?
129
Calculate the highest common factor of 27 and 11745.
27
What is the highest common divisor of 5220 and 72?
36
Calculate the highest common factor of 10 and 1090.
10
Calculate the highest common factor of 871 and 938.
67
What is the highest common divisor of 2523 and 783?
87
Calculate the highest common factor of 18 and 4626.
18
What is the greatest common divisor of 166 and 28718?
166
Calculate the greatest common factor of 90 and 105.
15
What is the greatest common factor of 175 and 14?
7
What is the greatest common divisor of 312 and 104?
104
What is the greatest common divisor of 145 and 40?
5
Calculate the highest common factor of 14857 and 83.
83
What is the highest common divisor of 2163 and 378?
21
Calculate the highest common divisor of 8580 and 440.
220
What is the highest common factor of 104 and 32?
8
Calculate the greatest common divisor of 129 and 215.
43
What is the highest common factor of 158 and 310?
2
What is the highest common factor of 19 and 1957?
19
Calculate the highest common factor of 10 and 42.
2
Calculate the greatest common factor of 2030 and 1085.
35
What is the greatest common factor of 138 and 20286?
138
Calculate the greatest common factor of 2196 and 108.
36
What is the greatest common factor of 417 and 6?
3
Calculate the greatest common divisor of 10 and 245.
5
What is the greatest common divisor of 265 and 159?
53
Calculate the greatest common factor of 360 and 920.
40
Calculate the greatest common divisor of 2241 and 83.
83
What is the highest common factor of 1010 and 50?
10
What is the highest common factor of 14 and 25354?
14
Calculate the highest common divisor of 343 and 7.
7
What is the highest common factor of 2116 and 92?
92
What is the highest common factor of 299 and 143?
13
Calculate the highest common divisor of 16000 and 20.
20
What is the highest common divisor of 38 and 142?
2
Calculate the greatest common divisor of 12 and 372.
12
What is the greatest common factor of 3195 and 18?
9
Calculate the greatest common divisor of 156 and 1482.
78
Calculate the greatest common divisor of 6 and 138.
6
Calculate the greatest common factor of 27 and 81.
27
What is the highest common factor of 1218 and 42?
42
What is the highest common factor of 905 and 5?
5
What is the greatest common factor of 13 and 364?
13
Calculate the highest common factor of 8 and 676.
4
What is the greatest common divisor of 851 and 74?
37
What is the greatest common factor of 189 and 216?
27
What is the highest common factor of 1550 and 650?
50
What is the highest common factor of 43 and 946?
43
Calculate the greatest common divisor of 150 and 870.
30
Calculate the greatest common factor of 260 and 169.
13
Calculate the highest common divisor of 256 and 2.
2
What is the greatest common factor of 1971 and 27?
27
Calculate the greatest common factor of 6283 and 61.
61
Calculate the highest common factor of 270 and 1530.
90
What is the highest common factor of 72 and 4671?
9
What is the highest common divisor of 490 and 40?
10
What is the highest common factor of 23 and 61111?
23
Calculate the greatest common factor of 85 and 3145.
85
Calculate the greatest common factor of 165 and 90.
15
What is the highest common divisor of 11 and 473?
11
What is the highest common factor of 200 and 40?
40
Calculate the highest common divisor of 9 and 63.
9
Calculate the greatest common factor of 9 and 9.
9
What is the greatest common factor of 134 and 938?
134
What is the greatest common factor of 200 and 40?
40
What is the greatest common factor of 1600 and 500?
100
What is the greatest common divisor of 198 and 7326?
198
Calculate the highest common factor of 391 and 667.
23
What is the highest common divisor of 396 and 330?
66
Calculate the greatest common divisor of 28707 and 21.
21
What is the greatest common factor of 2198 and 28?
14
What is the greatest common factor of 755 and 95?
5
Calculate the highest common divisor of 46 and 46.
46
Calculate the greatest common factor of 62 and 8339.
31
Calculate the greatest common divisor of 18 and 482.
2
Calculate the greatest common divisor of 180 and 1120.
20
Calculate the highest common divisor of 430 and 320.
10
Calculate the greatest common divisor of 79 and 14141.
79
What is the highest common divisor of 4611 and 3?
3
What is the greatest common factor of 90 and 3260?
10
Calculate the greatest common divisor of 1468 and 2.
2
Calculate the highest common divisor of 238 and 51.
17
What is the greatest common divisor of 990 and 16610?
110
What is the highest common divisor of 35 and 1120?
35
What is the greatest common factor of 1248 and 4524?
156
What is the highest common factor of 2299 and 19?
19
What is the greatest common factor of 82 and 861?
41
What is the highest common divisor of 405 and 10?
5
Calculate the highest common divisor of 833 and 3.
1
What is the 